+ 5 - -9.
5
What is 2 + (-5 - (-3 + 5))?
-5
Evaluate -83 + 77 - (-11 - 1).
6
-1 - (3 - (12 + -6))
2
What is 0 + -5 + 4 + -3?
-4
What is the value of 1 + (9 + -4 - 1)?
5
Calculate -1 - -3 - 8 - (0 + -1).
-5
What is the value of 0 + (-1 - 2) + 0?
-3
Calculate -9 - -1 - (0 + -1 - 2).
-5
Evaluate -1 - (-9 + -6 + 18).
-4
(-1 - 2) + (-7 - (-4 + -10))
4
-7 + -2 - -2 - (2 - 5)
-4
Calculate (3 - 5) + 5 + 0 + 8.
11
What is 1 + -2 - ((6 - 0) + -7)?
0
Calculate (-5 - 2) + 1 + 5.
-1
(-5 - -6) + 1 + 1 - 5
-2
(-3 - -1) + (19 - 21)
-4
Evaluate (-6 - 6) + 7 - (-11 + 1).
5
What is the value of -3 + (1 - 4 - -1)?
-5
Evaluate (6 - 4) + -6 + (1 - 1).
-4
Evaluate -2 + (1 - -5) + -2 + 3.
5
What is 21 + -26 - (-1 - 0)?
-4
Evaluate -3 + (10 - (-4 - -7)) - 1.
3
Evaluate 1 - (4 + -1) - 3 - -3.
-2
What is (-5 - 1) + -29 + 30?
-5
Calculate 2 - 5 - -2 - (25 - 29).
3
(8 + -2 - -5) + -1
10
2 - (-4 + (2 - 2) - 0)
6
-15 - -11 - (1 - 0 - 0)
-5
What is the value of 3 + -5 - (10 - 9)?
-3
What is the value of 1 + -10 - (4 + (5 - 14))?
-4
What is the value of -4 - -6 - (-9 - -15)?
-4
2 + (4 - 2 - 4)
0
5 + 0 + -9 + 10 + -1
5
Calculate 16 + -9 + -12 - -1.
-4
What is (2 - (0 + 1)) + -5 - -5?
1
Evaluate -1 + (-4 - -2) - -3.
0
(-1 - (9 + -10)) + -6
-6
What is the value of 2 + (-3 - -4) + -5?
-2
What is the value of (-1 - (12 + -14)) + 2 + 3?
6
-8 + 6 + (16 - 9)
5
What is -2 + 3 + 1 + -3?
-1
What is the value of 6 - 8 - (2 - (6 - 3))?
-1
Calculate -4 + -1 + 0 + 9 - 9.
-5
Evaluate -37 - -37 - (0 - 0).
0
26 - 24 - (1 - 2)
3
Evaluate (2 - 3 - 0) + (-4 - -7).
2
(-4 - -8) + -4 + 2 - 3
-1
Evaluate 7 + -7 + 3 + (0 - -2).
5
(-1 - -1) + -1 + 5
4
What is (-3 - 9 - -12) + (0 - -5)?
5
Calculate -4 - ((2 - -2) + -4).
-4
What is the value of 15 + -13 + (8 - 3)?
7
What is the value of (2 - 2) + 2 + (-3 - 0)?
-1
What is the value of 4 - (-1 - -4 - 2)?
3
-2 + (-4 - (1 + -9))
2
(1 - 2) + 11 + -5
5
Evaluate 3 - -11 - 4 - 2.
8
What is -1 - (-3 - -1) - -2 - 1?
2
What is the value of 6 - (3 - -1 - -7)?
-5
What is the value of 3 + 2 + -1 + -2?
2
1 + (-3 - (5 + -4)) + 3
0
5 + 1 + (-12 + -1 - -13)
6
-1 + (-3 - -2) + 5 + 0
3
Calculate 0 - (-2 - ((-5 - 1) + 0)).
-4
What is (-2 - 2) + 9 + -3 - 5?
-3
What is 2 + (7 - 1 - 3 - 3)?
2
2 + (0 - -5 - (13 - 4))
-2
What is -146 - -131 - (-13 + 0)?
-2
Calculate 2 + 0 + 5 + 2 + -4.
5
-13 + (11 - (2 + -12))
8
What is 2 + (-1 - -3 - (14 + -9))?
-1
Evaluate -3 + (1 - -1 - (19 - 14)).
-6
Calculate 0 - ((-5 - (-6 + 3)) + -1).
3
Evaluate 23 - 25 - (1 + -2) - -4.
3
9 - 7 - (-1 - 0)
3
Evaluate -3 + 1 + 2 + (-8 - -3).
-5
Evaluate -8 - -11 - -1 - 3.
1
Calculate -1 + -11 - (-24 - -18).
-6
Evaluate (-6 - -5) + 4 - 10 - -3.
-4
(19 - 13) + (-1 - 1)
4
What is -9 + 15 + (-8 - 0) + -4?
-6
What is 5 + 2 + -2 + -4?
1
What is the value of 1 + 1 + 2 + 4 + -3?
5
Evaluate (4 - (-1 - -2)) + -1.
2
17 + -5 - (14 - 10)
8
What is -2 + -2 - (-6 + -1)?
3
Calculate -7 + 0 - (1 + -8).
0
Calculate 8 - (2 + 2 + -6 + 5).
5
What is the value of (0 + -3 - 1) + -2 - -3?
-3
Calculate 1 + (18 + -2 - 7) + -2.
8
Evaluate (-8 - -2) + (7 - 1).
0
What is the value of 0 + -4 + (22 - 21)?
-3
What is -19 - -8 - (-4 - 1)?
-6
-16 + 14 - (0 + (-2 - -1))
-1
Calculate -2 + (0 - 0) + (1 - -5).
4
What is (-1 - -9) + -8 + 3 - -2?
5
2 + (1 - ((0 - -6) + -5))
2
What is -7 - -8 - (0 - 3)?
4
Calculate 7 + -4 + -3 + 5.
5
Evaluate (5 - 2) + (7 - 11).
-1
Evaluate -36 + 37 + (-8 - 3).
-10
What is the value of 4 + (-2 - 2) - (2 + -2)?
0
3 + 6 + (-5 + -4 - 4)
-4
What is 0 - -3 - (5 + (-3 - -1))?
0
Calculate -1 - (1 + 1 - (-3 + 5)).
-1
Evaluate 0 + 1 - (5 + 1 - 5).
0
Calculate (-2 - -9) + -10 - -3.
0
Evaluate 8 - (-5 + 23 - 7).
-3
Evaluate 8 + -8 + (7 - 5).
2
Calculate (-4 + 1 - -3) + 3 + -4.
-1
1 - (3 - 3) - 6
-5
Calculate (2 + -4 - -9) + (11 - 26).
-8
What is the value of 3 - (-4 - (-1 + -7)) - 0?
-1
2 + 5 + -8 + 6
5
What is the value of 5 + -5 + -2 + -3?
-5
What is -4 - (-2 - (-5 + 5))?
-2
What is -14 + (-8 - -14) + 13 - -3?
8
What is the value of 2 + -7 + (-4 - (-1 + -3))?
-5
Calculate 2 + (-1 - (1 + 6)).
-6
What is -24 + 29 - (9 - (3 - 2))?
-3
What is 8 - (-5 + 3 - -7)?
3
-9 + -7 + 0 - -10
-6
Calculate 2 + -3 + (-3 + 1 - -1).
-2
Evaluate 4 + (-17 - -9) + -2 + 1.
-5
-12 + 7 + 1 + -3
-7
Calculate 9 + (-8 - -2) - -1.
4
What is -11 + 1 + -1 + 11?
0
Calculate 1 + 5 + -4 + -2.
0
What is -6 + -1 + (6 - -2 - 9)?
-8
Evaluate (0 - 0) + -2 + 4 + -3.
-1
-8 - (-5 + 1 - (18 - 18))
-4
What is the value of 6 + -2 - 9 - -5?
0
-1 - (-4 - -8) - -7
2
(-126 - -119) + -1 + 5
-3
What is 10 - (8 - 10 - -6)?
6
Calculate 2 - (4 + -3 - 3).
4
What is the value of 6 + -1 + (-17 - -12)?
0
What is the value of 14 + -8 - -3 - 2?
7
3 - (5 + 0) - (1 + 2)
-5
(7 - 7) + 2 + -3 + -1
-2
What is the value of -1 - 0 - -4 - (10 + -12)?
5
Evaluate -11 - -4 - -6 - (-5 - -1).
3
Evaluate 1 - (-9 - (3 + -10)).
3
Evaluate -19 + -3 + 17 + -4.
-9
What is the value of 6 + (-2 - 11 - -3)?
-4
What is the value of -2 + (5 + 1 - (20 - 16))?
0
What is the value of -2 + -5 - -12 - 0?
5
What is the value of -4 + (-7 - 0) + 4 + 0?
-7
-6 - -5 - 6 - -3
-4
What is the value of 1 + -4 - 3 - -2?
-4
Evaluate -9 + (14 - 10) - 0.
-5
What is -3 + -6 - (9 + -19)?
1
What is the value of -1 - (5 - (3 - -1))?
-2
0 - -2 - (3 + -6)
5
What is -8 - -1 - (0 + -5)?
-2
16 + -18 - (1 - 5)
2
(-7 + 16 - 10) + 2 + 1
2
(0 - -7) + (-29 - -24)
2
Calculate 4 - (1 + (6 - 12) + 5).
4
Calculate -3 + (-1 + -7 - -6).
-5
What is -5 + (-6 - (-7 + 4))?
-8
What is the value of (-3 - 4) + 5 - 1?
-3
What is -12 - (3 + (-7 - 5))?
-3
(12 - 10) + -3 - (-1 - -2)
-2
(-5 - -1) + 5 + -6
-5
Evaluate -3 + 2 + 0 + -3.
-4
What is 1 + -3 + (1 - 3)?
-4
0 - 2 - (9 - 6)
-5
Calculate (1 - 11 - -9) + (0 - 2).
-3
What is the value of 4 - -1 - (14 + -9)?
0
Evaluate 6 + (-2 - -1 - 5).
0
What is the value of -1 + (1 - 4) - -4 - 0?
0
What is 7 + (2 - -2 - 7)?
4
What is -1 + 1 - (-2 - -7)?
-5
Evaluate 0 + 4 + -2 + -7 - 1.
-6
What is the value of (4 - (8 - 10)) + -6?
0
What is the value of (-7 - -9) + 2 + -6 + 1?
-1
What is the value of (2 + (-2 - 2) - 2) + 4?
0
What is -4 - -4 - 3 - 0?
-3
(1 - 1) + -21 + 16
-5
Calculate (9 - 9 - 12) + 11.
-1
What is -1 - (-5 - (-5 + -1) - -1)?
-3
Calculate (-7 - -6) + 10 - 9.
0
Calculate -14 + -1 - -10 - (-11 + 0).
6
(-2 - (2 - (4 + 4))) + 1
5
What is the value of 21 + -11 + 2 + -9?
3
What is the value of 4 - (0 - ((-12 - -7) + 5))?
4
What is the value of (-3 - (-5 + -3)) + -4?
1
What is the value of 1 + 13 + -14 + 5?
5
Calculate (0 - 3) + (8 - 3) + -6.
-4
What is -1 + -2 + -5 + (2 - -6)?
0
Evaluate 7 - 6 - (5 + -1).
-3
What is -10 + -3 + 7 - 7 - -5?
-8
Evaluate -4 + (0 - ((4 - 3) + -5)).
0
2 + 0 - 1 - (3 + -4)
2
Calculate 2 + 1 + -3 + (-5 - -5).
0
What is (-2 - -3) + (7 - 9) + -3?
-4
Calculate -6 - (4 + (-10 - -1)) - -4.
3
What is 1 + (-1 - -1) - 5?
-4
What is the value of -9 + 2 + 4 - (-9 + 2)?
4
Evaluate 2 - (4 + -3 - 2).
3
6 - (-1 + 4 - 1)
4
What is the value of 0 + (2 + 0 - 4)?
-2
What is 7 - (6 + (16 - 9))?
-6
Calculate (8 + -2 - -3 - 6) + -10.
-7
What is 52 + -58 + -3 + 16?
7
Calculate 0 + -2 - -4 - (1 - 2).
3
-5 - (9 + (-3 - 0) + -5)
-6
What is the value of -18 + 14 - (-1 + (-1 - -3))?
-5
Calculate (-7 - -12) + (-7 - -1).
-1
-6 - (-1 + (1 - 3))
-3
What is the value of -5 - (-1 - (-4 + 4) - 1)?
-3
(1 - -4) + -7 + 6
4
What is (60 - 60) + (-2 - -8 - 2)?
4
What is 1 + 1 - (2 - 3 - -1)?
2
-1 - (-6 - -8 - (3 + -3))
-3
What is 3 - -2 - (4 + 0 + -2)?
3
What is the value of 1 - (1 - -1) - -3 - 7?
-5
Calculate -2 - 0 - (0 + (6 - 3)).
-5
Evaluate -5 + -2 + (5 - 3).
-5
Evaluate 0 + 3 + (2 - (6 + -3)).
2
Calculate 1 - 2 - (6 - 7).
0
Evaluate 4 - -1 - 5 - (0 - 0).
0
Evaluate -5 - ((4 - 0) + (28 - 36)).
-1
Evaluate (16 - -2) + -7 + -4.
7
What is the value of 119 - 123 - (-6 - 1)?
3
11 + (-7 - -11 - 12)
3
What is the value of 3 - ((1 - -3) + -1 - 1)?
1
Evaluate 1 + (-11 - 0) + (22 - 20).
-8
Evaluate (-2 - -3) + -20 + 8 + 8.
-3
Calculate 9 - (-8 + -5 + 15).
7
Evaluate 1 + (-4 - -5) - (-4 + 11).
-5
-6 - (3 - (5 - -7))
3
Evaluate -5 + 3 + -4 - (-1 + 2).
-7
2 + -3 + 1 + 3 + -2
1
Evaluate 0 - (-3 + 5) - 4.
-6
(1 - 2) + (0 - -8) + -12
-5
(-3 - 1) + 6 - 7
-5
Evaluate 1 - 1 - (9 + -14).
5
(-4 - (0 + -3 + 0)) + -1
-2
What is (3 - (-1 + 3 + 1)) + -4?
-4
Calculate -6 + (-5 - 0) + 6.
-5
Evaluate 102 - 105 - (0 - -2 - 6).
1
Calculate 0 -